*2 - 14*h**2 + 2*h. Calculate b(-1).
-9
Suppose -50 = -3*n - 47. Let f(p) = -16*p**2 - 2*p + 1. Give f(n).
-17
Let w(d) = -2*d + 3. Let z be w(5). Let k = -12 - z. Let b(n) = -5*n - 10. Let u(o) = 6*o + 10. Let a(h) = 5*b(h) + 4*u(h). Give a(k).
-5
Let z(s) = -3*s - 6. Let o(k) = k + 3. Let i = 0 + 4. Let r(n) = i*z(n) + 10*o(n). Calculate r(4).
-2
Let n(m) = -8*m + 7*m + 5*m - 3 - m**3 + 4*m**2. What is n(4)?
13
Let g(p) = p**2 + 5*p + 3. Let j(q) = -q**2 - 5*q - 4. Let m(f) = 3*g(f) + 2*j(f). Let w = -5 - -8. Suppose w*o - 7 = -22. Determine m(o).
1
Let n(x) = -x - 2. Let t(m) = m**2 + 1. Let h be t(1). Suppose 4*d - h + 14 = 0. Give n(d).
1
Let j(y) = -2*y**3 + y**3 - 1 - y**3 - 2*y - 3*y**2. Let q be 1 + (1 - (-2 + -2)). Let v = 4 - q. Calculate j(v).
7
Let n(i) = 4*i**2 - 4*i**2 + 5*i + i**2 + 5. Calculate n(-4).
1
Let l(b) = 4*b**2 - 1. Suppose -g - 2*j = 8, j + 1 - 2 = 2*g. What is l(g)?
15
Let d = -8 - -8. Let y(c) = -c + 1. Calculate y(d).
1
Let r(y) = 2*y**2 + 6*y. Let g(w) = -2*w - 23. Let c(h) = h + 12. Let x(a) = -5*c(a) - 2*g(a). Let n be x(-10). What is r(n)?
8
Let f(v) = -3*v - 4 - 87*v**2 + 88*v**2 - v**3 + 2*v**3. Determine f(-3).
-13
Let w(x) = x**3 - x**2 - 3*x - 1. Let r = -6 + 9. Let p be (r/(-2))/(6/8). Determine w(p).
-7
Let s(d) = 2*d + d + 0*d. Suppose 16 = 5*k - 5*p + 1, p = 5*k + 5. Let i be (-4)/((-8)/((-8)/k)). Calculate s(i).
6
Let k(v) = 2*v**3 + 3*v**2 + v + 2. Let t be (3/3)/(2/36). Let j be t/(-8) - 2/(-8). Determine k(j).
-4
Let p(s) = 2*s - 1. Let h be 6/(-18) + 26/6. Suppose -2*y - 5*a + a = 4, -h*a - 20 = -2*y. Suppose 5*q - u - 29 = -7, 4*q - 8 = y*u. Give p(q).
9
Let q(j) = 5*j - 4*j + 9 - 16 - 2*j. What is q(-4)?
-3
Let r(o) = o**2 + 2*o. Let a = 5 - 8. Let z be r(a). Let y(q) = -q**2 + q + 0*q**3 + q**z + 2*q**3. Calculate y(1).
3
Suppose -5*m - 15 - 11 = -3*b, 5*b + m - 6 = 0. Suppose 2*g + 7*n + 19 = b*n, 12 = -4*n. Let z(o) = 2*o + 1. Calculate z(g).
-3
Let r(o) = -o**2 - 4. Suppose 4*f = -5*l - 6, -8*f - 20 = -2*l - 4*f. Suppose 0 = 4*m + 2*j - l, -2*j = -3*m + 1 - 3. Determine r(m).
-4
Let g(b) = b**2 - 6*b + 5. Let m(d) = 3*d - 7. Let o be m(3). Suppose 9 + 4 = o*z + a, z - a = -1. Determine g(z).
-3
Let r(n) = -n**2 - 5*n + 1. Let i(a) = 5*a**3 + 2*a**2 + 2*a + 1. Let u be i(-1). Let t be r(u). Let h(q) = -q**3 + 4*q**2 + 4*q + 3. What is h(t)?
-2
Let i(o) be the third derivative of o**5/120 - o**4/4 + o**3/3 - 2*o**2. Let a(g) be the first derivative of i(g). Let v be 22/4 + (-1)/2. What is a(v)?
-1
Let j(a) = a**3 + 9*a**2 - 3. Let r be (1/6*9)/((-1)/6). Calculate j(r).
-3
Let j(f) = f**3 - 3*f**2 - 2*f + 2. Suppose 7*c - 36 = 3*c. Suppose 6*x + 6 = c*x. Calculate j(x).
-6
Let c(n) = -n**3 + n**2 + n + 2. Let p = 19 - 15. Let h be p/(-18) + 6/27. Calculate c(h).
2
Suppose 0 = 5*o + 4 + 1. Let u(d) = -8*d**3 - 4*d**2 - d. Let k(l) = -9*l**3 - 5*l**2 - l. Let t(s) = 4*k(s) - 5*u(s). Calculate t(o).
-5
Let w(b) = b - 4. Let o(s) = 3*s - 8. Let k(z) = -3*o(z) + 5*w(z). Suppose 0*f + 31 = 4*h - 3*f, -3*f = 3*h + 3. Determine k(h).
-12
Let o(m) = m + 4. Let n be o(5). Let h be (-12)/n*6/(-4). Let g(w) = 2*w. Give g(h).
4
Let c(d) = -d. Let b(n) = 6*n - 9. Let k(i) = -b(i) - 5*c(i). Let p = 4 - 0. Let f be k(p). Let h(l) = l**2 - 6*l + 6. What is h(f)?
1
Let f(z) = z**3 + 5*z + 46 - 3*z - 49 + 3*z**2 - 3*z. Calculate f(-3).
0
Let b(n) = -3*n + 1. Let p be 2 + 3 - (2 + 0). Let y = p + 4. Let x = -9 + y. Determine b(x).
7
Suppose 0 = -3*y + 2*y. Suppose q = 1 - y. Let u(b) = 2*b**3 + 1 + b**3 - 2*b**3 - b. Determine u(q).
1
Let n(k) be the second derivative of 1/6*k**3 - 1/20*k**5 + 2*k**2 + 0 - 5*k - 1/12*k**4. Calculate n(0).
4
Suppose 3*q - 13 = -1. Suppose 14 = 2*g - 4*f - 0, 4*g - 16 = q*f. Let d(l) = l**2 + 1 + g + 0*l**2 - 4. Calculate d(0).
-2
Let r(y) be the second derivative of -y**5/20 + y**4/2 - y**2/2 + 4*y. What is r(6)?
-1
Let x(l) = l**2 + 4*l + 4. Let n be x(-4). Let f(p) = 2 + 3*p**3 - 7*p**2 - 5*p**3 + 6*p + n*p**3 - p**3. What is f(6)?
2
Let d(f) = f + 3. Let o = 1 - -2. Suppose 0 = 2*i + o*i + t - 26, 20 = 4*i + t. Let r(z) = z - 3. Let w be r(i). Give d(w).
6
Let g(o) = 8*o**2 + 3. Let r(y) = -3*y**2 - 1. Let a(d) = -6*g(d) - 17*r(d). Let n be a(1). Let u(p) = -2*p**3 + 3*p**2 - p. Give u(n).
-6
Let m(n) be the first derivative of -n**4/4 + n**3 - 4*n - 11. What is m(3)?
-4
Let z = 19 - 24. Let y(l) = -2*l - 3. Determine y(z).
7
Let z be 5*(-1 - (0 + -2)). Let a(v) be the second derivative of v**2 - 1/20*v**z - 2*v + 0 + 5/6*v**3 - 1/4*v**4. Give a(-4).
-2
Let o(m) = -m. Let l(t) be the second derivative of t**4/12 - t**3 - 3*t**2 - 9*t. Let x(u) = -l(u) + 5*o(u). What is x(0)?
6
Suppose -3*m + 4*m = 2. Let t(h) = -7*h - h**2 - 2*h**2 - 2 + 2*h**2 - m. Let f(k) = k + 2. Let o be f(-5). What is t(o)?
8
Let v(r) be the second derivative of -r**3/6 - 3*r**2/2 + r. Calculate v(3).
-6
Let v(j) = -j**3 - 3*j**2 + 4*j + 3. Let h = 13 - 17. What is v(h)?
3
Let y(c) be the first derivative of -c - 2 + 1/2*c**2. What is y(-3)?
-4
Let r be 6/(2*(-4 - -5)). Let o(z) = -z + 4. Let i(s) = s - 1. Let n(w) = -5*i(w) - o(w). Determine n(r).
-11
Suppose 3*j = 5*j - 6. Let t(d) = 9 + 7*d + 0*d**3 - 15 + 4*d**2 - d**j. Calculate t(5).
4
Let y(d) = -2*d - 11. Let i = -107 - -99. Calculate y(i).
5
Suppose 4*m = -m. Let s = -28 - -34. Let v = s - m. Let o(c) = c - 6. Calculate o(v).
0
Suppose 3 = x + 3*i + 4, -x = i - 1. Suppose -x*c + 12 = -6*c. Let o be c/(3/2) + 3. Let y(s) = -s + 1. Calculate y(o).
0
Let b = 43 - 40. Let p(g) = g**3 - 5*g**2 + 3*g + 4. Determine p(b).
-5
Suppose 2*v + 3*o - 2 = 1, -3*v = 2*o - 7. Let r(h) = h + 1. Let u(a) = -a. Let c = 9 + -5. Let m(l) = c*r(l) + 5*u(l). Calculate m(v).
1
Let l(t) = -t**3 - t**2 - t. Let o(u) = 6*u**3 + 10*u**2 + 10*u + 7. Let d(b) = 5*l(b) + o(b). What is d(-5)?
-18
Let v be (-1*(-2 - -2))/(-2). Let p(y) be the first derivative of -2 + 1/3*y**3 + 3*y - 1/2*y**2. Give p(v).
3
Let f = -7 + 7. Let c(p) = p + 21. Give c(f).
21
Let h(u) = -10*u + 1. Let d = 0 + 6. Suppose d*o - 23 = -2*p + o, p + 5*o = 24. Give h(p).
11
Suppose -3*g = -8*g - 20. Let k(v) = -2*v**2 - 7*v - 4. What is k(g)?
-8
Let f(q) be the third derivative of -q**4/12 + q**3/6 + 7*q**2. Determine f(1).
-1
Let c(b) = 5*b - 21. Let y(n) = n - 4. Let p(u) = -2*c(u) + 11*y(u). Determine p(0).
-2
Let p(s) = -s**2 + 7*s + 6. Let j be p(7). Let c(h) = -4 + j + 0*h**3 + h**3 + 4*h**2. Determine c(-4).
2
Let f(n) be the second derivative of n**2 - 4*n + 0 - 1/6*n**3. Determine f(2).
0
Let u(x) = -x - 15. Let c be u(-17). Suppose -2*z - 9 = -5*z. Let m(i) = -7*i + c - z + 0. Calculate m(-1).
6
Let g(j) = 2 + 3*j**2 + 3*j**3 + 1 - 2*j**3 + 2*j. Let z = 16 + -11. Suppose -15 = p - 4*n + 3, -z*p = n + 6. Determine g(p).
3
Let p(o) = 17 - 38 + 5*o - 3*o + 18. What is p(-3)?
-9
Let p(d) = 5*d**2 + 2*d + 6. Let o(s) = -4*s**2 - 3*s - 5. Suppose q + 1 + 6 = 0. Let m be 1/(-2 + q/(-3)). Let a(b) = m*o(b) + 2*p(b). Determine a(-3).
-6
Let i(j) = 1 - 2 + 2. Let y(c) = -c + 3. Let m(h) = 2*h + 6. Let x be m(-5). Let z(u) = x*i(u) + y(u). Determine z(-2).
1
Let o be (-15)/30 - 17/(-2). Let d(x) = -x**2 + 7*x + 11. Determine d(o).
3
Let k(b) = 3*b**3 - 4*b**2 + 3*b + 1. Let f(v) = 7*v**3 - 8*v**2 + 5*v + 1. Let x(u) = -4*f(u) + 9*k(u). What is x(-5)?
-5
Let q(j) = 3*j**3 - 3*j**3 + 3*j**3. Give q(1).
3
Let b(y) = y**2 - y - 4. Let z be b(-2). Let w(t) be the first derivative of -t - 7/3*t**3 + 1 - t**z. What is w(-1)?
-6
Let o(c) = 3 + 6*c + 2*c**2 - c**2 - 2. Suppose -2*y - 3 = y. Let b(t) = 5*t - 1. Let r be b(y). Give o(r).
1
Let a(m) = m. Let x(q) = -2*q - 4*q - q. Let p(i) = -2*i**3 - 39*i**2 - 20*i - 18. Let t be p(-19). Let f(c) = t*x(c) + 4*a(c). What is f(-1)?
3
Suppose 10*d - 6*d - 48 = 0. Suppose 3*q + 0*q = d. Let m(s) = -s**2 + 2*s + 3. Give m(q).
-5
Let w(n) = n**2 - 1. Suppose 5*a + 3*t = -7, 4*t = 4*a - 9*a - 6. Calculate w(a).
3
Let g = 197 - 196. Let q(u) be the first derivative of -1/3*u**3 - 1/4*u**4 - 1 - 1/2*u**2 + u. Determine q(g).
-2
Let q(o) = o**3 - 7*o**2 + 7*o + 5. Let x be q(5). Let f(y) = -y**3 - 10*y**2 - 6. What is f(x)?
-6
Let z be 3/3*(-1 - -4). Suppose -4*t + y - 35 = 0, t + y = -z*y + 4. Let u(k) = k**3 + 8*k**2 + k + 9. Give u(t).
1
Suppose 0 = -4*s - s + 10. Let 